 units digit of x?
4
Suppose -3*x + 3 = l - 3*l, -3*x + 3 = 2*l. Suppose 5*h = -3*p + 492, -1 = 2*p + x. What is the tens digit of h?
9
Let o = 15 - 22. Let v = o - -10. Suppose -v*m - 125 = -8*m. What is the units digit of m?
5
Let l be (-4)/(-18) + 47454/54 + -3. Suppose -l = -7*z + z. What is the tens digit of z?
4
Let o(m) = -7*m - 162. What is the tens digit of o(-34)?
7
Suppose -5*u + 1116 = u. What is the units digit of u?
6
Let q = 9 - 5. Suppose 3*f + d - 19 = -d, -f + q = 3*d. Suppose f*h = 3*h + 72. What is the tens digit of h?
1
Suppose 41*s - 32*s = 7065. What is the tens digit of s?
8
Suppose 19*a - 17*a = -2*s + 2954, 0 = -a. What is the units digit of s?
7
Let l = 2 - 6. Let z(u) = u**2 - 5. What is the tens digit of z(l)?
1
Let a(v) = -4*v - 16. Let g be a(-6). Let x(p) = 0*p + 0 + g - p. What is the units digit of x(-8)?
6
Let r(q) = 20 - 2*q - 2 + 2. Let m = 171 - 171. What is the units digit of r(m)?
0
Let p(a) = -6*a - 1. Let f(s) = -s**2 + 7*s - 6. Let d be f(4). Suppose -d*y + 4*y - 6 = 0. What is the tens digit of p(y)?
1
Let b(c) = -9*c + 1. Suppose -15 = -5*j - 5. Let i be j + -6 + 2 - 3. What is the units digit of b(i)?
6
Suppose 2*f - 60 - 32 = 0. Let w = 53 + f. What is the tens digit of w?
9
Let n(h) = -h - 8. Let y be n(-8). Suppose 5*j - 160 - 45 = y. What is the units digit of j?
1
Suppose 0 = -5*x - 3*s + 2445, -7*s + 489 = x - 9*s. What is the tens digit of x?
8
Let x(c) = 2*c. Let s be x(-1). Let a be 1/(-2) + (-231)/s. Suppose 4*d = -d + a. What is the tens digit of d?
2
Suppose -65*y + 67*y - 340 = 0. What is the units digit of y?
0
Let m be (0 - 0) + 4 + -2. Suppose -m*s = 4*j - 126, -2*j = 3*j + 2*s - 158. What is the tens digit of j?
3
Let y(z) be the first derivative of -z**4/4 + 4*z**3/3 - 2*z**2 + 2*z - 5. Let v be y(2). Let s(r) = 2*r**2 - 4*r + 2. What is the units digit of s(v)?
2
Let t = 26 - -23. Suppose -4*s - 5*i - 70 = s, -4*s = -3*i + t. Let o = s - -16. What is the units digit of o?
3
Suppose -392 + 82 = -f + 4*j, -4 = j. What is the hundreds digit of f?
2
Let d be 24/14 - 2/(-7). Suppose 3*s + 670 = 5*p, p = -d*p + s + 406. What is the hundreds digit of p?
1
Suppose 2*p - 55 + 21 = 0. Suppose -80 - 124 = -p*n. What is the tens digit of n?
1
Suppose 5*j + 3*d - 5*d = 258, -3*j = -4*d - 152. Suppose 4*b = 244 + j. What is the tens digit of b?
7
Suppose 0*l + l = 12. Suppose -l*d + 13*d - 41 = 0. Let w = d - 23. What is the units digit of w?
8
Suppose -2*f + 154 + 241 = 3*l, -12 = 4*l. What is the hundreds digit of f?
2
Let f = 8 - -30. What is the tens digit of (-3021)/f*4/(-3)?
0
Suppose -10758 = -3*v - 9*l + 12*l, -2*v - 3*l + 7162 = 0. What is the units digit of v?
4
Let k(v) = v**2 - 7*v + 6. Let q be k(5). Let t(m) = -144*m - 15. Let b be t(q). What is the units digit of 12/(-30) - b/(-15)?
7
Suppose 7*w - 2*w - 27 = -2*u, 2*w + 2 = -4*u. Let b be 2/(-7) + 9/w. Let m(v) = 10*v. What is the units digit of m(b)?
0
Suppose 5*c - 5 = 0, -4*k - 12*c = -17*c - 9115. What is the hundreds digit of k?
2
Let b be 13 - (-4*2 + 4). Suppose 0 = 5*h + 57 - b. What is the units digit of 190/8 - 2/h?
4
Suppose 2*r + 310 = 3*r. What is the units digit of r?
0
Suppose -166270 = -22*q - 43*q. What is the units digit of q?
8
Let y(d) be the second derivative of d**4/12 + 7*d**3/3 + 9*d**2 - d. Let m be 4*1/(-10)*35. What is the tens digit of y(m)?
1
Let b(m) = -127*m + 3. What is the tens digit of b(-5)?
3
Suppose -5*x = -13 + 43. Let q be ((-4)/x)/((-2)/(-15)). Suppose 0 = -q*i - 4*s + 132 + 51, -s - 198 = -5*i. What is the tens digit of i?
3
Let x = -28 - -9. Let j = 17 + x. What is the tens digit of (2 + 3/j)*60?
3
Let p = -15 + 7. Suppose -3*l = 5*c - 286, -3*l - 118 = -2*c - 6*l. What is the units digit of (20/p)/(-5)*c?
8
What is the units digit of ((-21789)/(-54))/(2/4)?
7
Suppose 27*l + 1051 = 3*v + 28*l, 3*v + 2*l - 1046 = 0. What is the tens digit of v?
5
Let u be (-1)/(-2 + (-15)/(-9)). Suppose 4*h - 2*p = 300, p = u*p. What is the units digit of h?
5
Let k = -442 + 94. Let q = -238 - k. What is the hundreds digit of q?
1
Let q = -25 + -17. Let p = q - -88. What is the units digit of p?
6
Let x be (-2 - (-32)/10)*150/12. Suppose x = 3*c, -589 = -5*v - 4*c - 59. What is the hundreds digit of v?
1
Let o = -39 + 43. What is the hundreds digit of 4 - -106 - o - 0?
1
Suppose -4*a - 9*a = -2652. What is the hundreds digit of a?
2
Suppose 531 - 34 = 2*s + 5*r, -5*r - 979 = -4*s. Suppose -3*i = -y - 181, 4*i - y = -2*y + s. What is the tens digit of i?
6
Suppose -1 = -b - 5*x, 6*x = 3*b + x - 23. Let q be 4/12 - (-412)/b. Suppose 2*z - 2*t - 46 = 0, -2*t + t - q = -3*z. What is the tens digit of z?
2
Suppose -3*z - 4*d = -0*z + 88, 3*d = -3. Let y = z - -98. What is the units digit of y?
0
Let g(z) = 3*z**2 + 92*z + 30. What is the hundreds digit of g(-54)?
8
Suppose 2*p - 20 = -3*p. Suppose 0 = 2*f - 11 + 3, p*t = 3*f + 372. What is the tens digit of t?
9
Let o(i) = -i - 1. Let j(d) = d**2 + 8*d - 10. Suppose 0 = 2*p + 4*l - 32 + 8, 0 = -4*p - 3*l + 23. Let a(m) = p*o(m) - j(m). What is the tens digit of a(-9)?
1
Let i = 38 + 24. What is the tens digit of i?
6
Let u = -22 - -22. Suppose u = -4*o + 3*i - i + 12, 3*i + 13 = o. What is the units digit of o*(46 + -4) - 1?
1
Let v(t) = 150*t - 35. What is the hundreds digit of v(4)?
5
Suppose 5*k + 0*z - z - 37 = 0, -5*z = 4*k - 18. Suppose -l - 1776 = -k*l. What is the units digit of l?
6
Suppose -2*r - 459 = -3*r - 4*j, 0 = 3*j - 12. What is the units digit of r?
3
Suppose 4*f = -x + 10920, 5*f + 24*x = 26*x + 13650. What is the units digit of f?
0
Let n(x) = -22*x + 19. Let v(t) = -t**2 + 4*t - 6. Let r be v(3). What is the tens digit of n(r)?
8
What is the hundreds digit of ((-12000)/(-420))/((-1)/(-7))?
2
Let g(f) = 187*f - 6. Let o be (-12)/16*-2*(-4)/(-6). What is the hundreds digit of g(o)?
1
Let p be (5*4/4)/1. Suppose p*l + a - 24 = 0, -4*l - 5*a = l - 40. Suppose l*d = -0*d + 56. What is the units digit of d?
4
Let q be 4 - 1 - (0 + 1). Let r be 2/1*1 - q. Suppose r = 2*t + 5*p - 7, -t = -2*t + 3*p + 20. What is the units digit of t?
1
Let i(u) = -u**2 + 36*u - 93. What is the units digit of i(17)?
0
Let n be -9 - (-5)/15*-3. Let v(x) = x**3 + 11*x**2 + 3*x - 13. What is the tens digit of v(n)?
5
Suppose 0 = 7*x + 2083 - 2293. What is the tens digit of x?
3
Let z(v) = -v**2 - 16*v - 10. Let b be z(-15). Suppose -b*q - 45 = -115. What is the tens digit of q?
1
Suppose 5*d - 34 = 2*v, -2*v - v = 3*d - 33. What is the tens digit of (25 + -1)*(8 - -88)/d?
8
Let v = 30 + -20. Suppose 244 = -v*p + 14*p. What is the tens digit of p?
6
Let j(m) = m**2 - 14*m. Let q be j(14). Suppose 6*y - 66 = -q*y. Let o = 31 + y. What is the tens digit of o?
4
Let k be (2/6)/(-1)*-9. Suppose -3*y + 2*y + 3*r = -5, 5*r = k*y - 27. What is the units digit of 410/y - (-2)/(-7)?
9
Suppose 11*s - 16*s = 2*t - 1789, 0 = -5*t - s + 4438. What is the tens digit of t?
8
Suppose 5*h = 0, -h - 1576 = -4*g - 6*h. Suppose -t + g = t. Suppose 4*i - t - 91 = 0. What is the tens digit of i?
7
Let v(o) = -3 - 15*o + 18 + 10*o - 15*o. What is the units digit of v(-3)?
5
Suppose -i + r + 247 = -2*r, -4*r - 996 = -4*i. Suppose 5*w - 105 - i = 0. What is the units digit of w?
1
Suppose 3*s + 2*q - 45 = -q, 0 = s + 2*q - 14. Suppose 15*n - s*n + 65 = 0. What is the tens digit of n?
6
What is the tens digit of (8 - 15/3) + 1882?
8
Suppose -58 = 2*j - 2. Let y = j + 44. What is the tens digit of y?
1
Let c(u) = u**3 + 9*u**2 + 7*u + 8. Suppose 20 = d - 6*d. Let f = d + -4. What is the tens digit of c(f)?
1
What is the hundreds digit of (-2973456)/(-1404) - (-2)/13?
1
Let u be ((-300)/(-36))/(2/(-6)). What is the tens digit of u/(-10)*-3*-10?
7
Suppose 5*b + 3*u - 4100 = 0, -12*u = -4*b - 7*u + 3317. What is the tens digit of b?
2
Suppose 0 = -3*o - 124 + 2551. What is the units digit of o?
9
Suppose -2*f - 2*y = 3*f - 24, -2*y + 20 = 4*f. Suppose v - 3*i - 18 = -2, -v + f*i = -13. What is the tens digit of v?
2
Let w = 61 + -174. Let o = w - -287. What is the units digit of o?
4
Let m = 1936 + -1362. What is the tens digit of m?
7
Let w(m) = 4*m - 3. Let a be w(2). Suppose -82 = -3*r - a*b, -3*r + 0*b + 72 = 3*b. Suppose 3*k - 29 = d, -2*k - 2*d = -3*d - r. What is the units digit of k?
